{"id":26,"date":"2019-04-13T15:46:48","date_gmt":"2019-04-13T13:46:48","guid":{"rendered":"http:\/\/localhost\/?page_id=26"},"modified":"2025-05-27T12:32:07","modified_gmt":"2025-05-27T10:32:07","slug":"ou-dormir","status":"publish","type":"page","link":"https:\/\/www.festivalauvillage.fr\/pratique\/ou-dormir\/","title":{"rendered":"O\u00f9 dormir\u00a0?"},"content":{"rendered":"<p class=\"content-chapo\">Pour vous aider \u00e0 pr\u00e9parer votre festival, l&rsquo;Office de Tourisme du Mellois a recens\u00e9 tous types de logement \u00e0 proximit\u00e9 du festival.<\/p>\n\n\n<ul class=\"wp-block-list\">\n<li><a href=\"https:\/\/ot-paysmellois.org\/ou-manger-ou-dormir\/ou-dormir\/hotels\" target=\"_blank\" rel=\"noreferrer noopener\">H\u00f4tels<\/a><\/li>\n\n\n\n<li><a href=\"https:\/\/ot-paysmellois.org\/ou-manger-ou-dormir\/ou-dormir\/aires-de-camping-car\" target=\"_blank\" rel=\"noreferrer noopener\">Aires de camping-car<\/a><\/li>\n\n\n\n<li><a href=\"https:\/\/ot-paysmellois.org\/ou-manger-ou-dormir\/ou-dormir\/complexes-touristiques\" target=\"_blank\" rel=\"noreferrer noopener\">Complexes touristiques<\/a><\/li>\n\n\n\n<li><a href=\"https:\/\/ot-paysmellois.org\/ou-manger-ou-dormir\/ou-dormir\/hebergements-collectifs\" target=\"_blank\" rel=\"noreferrer noopener\">H\u00e9bergements collectifs<\/a><\/li>\n\n\n\n<li><a href=\"https:\/\/ot-paysmellois.org\/ou-manger-ou-dormir\/ou-dormir\/hebergements-locatifs\" target=\"_blank\" rel=\"noreferrer noopener\">H\u00e9bergements locatifs<\/a><\/li>\n\n\n\n<li><a href=\"https:\/\/ot-paysmellois.org\/ou-manger-ou-dormir\/ou-dormir\/hotellerie-de-plein-air\" target=\"_blank\" rel=\"noreferrer noopener\">Hotellerie de plein air<\/a><\/li>\n<\/ul>\n","protected":false},"excerpt":{"rendered":"","protected":false},"author":1,"featured_media":3535,"parent":22,"menu_order":24,"comment_status":"closed","ping_status":"closed","template":"","meta":{"_acf_changed":false,"footnotes":""},"class_list":["post-26","page","type-page","status-publish","has-post-thumbnail","hentry"],"acf":[],"yoast_head":"<!-- This site is optimized with the Yoast SEO plugin v25.8 - https:\/\/yoast.com\/wordpress\/plugins\/seo\/ -->\n<title>O\u00f9 dormir\u00a0? &#8212; Festival au Village<\/title>\n<meta name=\"robots\" content=\"index, follow, max-snippet:-1, max-image-preview:large, max-video-preview:-1\" \/>\n<link rel=\"canonical\" href=\"https:\/\/www.festivalauvillage.fr\/pratique\/ou-dormir\/\" \/>\n<meta name=\"twitter:label1\" content=\"Dur\u00e9e de lecture estim\u00e9e\" \/>\n\t<meta name=\"twitter:data1\" content=\"1 minute\" \/>\n<script type=\"application\/ld+json\" class=\"yoast-schema-graph\">{\"@context\":\"https:\/\/schema.org\",\"@graph\":[{\"@type\":\"WebPage\",\"@id\":\"https:\/\/www.festivalauvillage.fr\/pratique\/ou-dormir\/\",\"url\":\"https:\/\/www.festivalauvillage.fr\/pratique\/ou-dormir\/\",\"name\":\"O\u00f9 dormir\u00a0? &#8212; Festival au Village\",\"isPartOf\":{\"@id\":\"https:\/\/www.festivalauvillage.fr\/#website\"},\"primaryImageOfPage\":{\"@id\":\"https:\/\/www.festivalauvillage.fr\/pratique\/ou-dormir\/#primaryimage\"},\"image\":{\"@id\":\"https:\/\/www.festivalauvillage.fr\/pratique\/ou-dormir\/#primaryimage\"},\"thumbnailUrl\":\"https:\/\/www.festivalauvillage.fr\/wp-content\/uploads\/2025\/05\/img-1282-copie.jpg\",\"datePublished\":\"2019-04-13T13:46:48+00:00\",\"dateModified\":\"2025-05-27T10:32:07+00:00\",\"breadcrumb\":{\"@id\":\"https:\/\/www.festivalauvillage.fr\/pratique\/ou-dormir\/#breadcrumb\"},\"inLanguage\":\"fr-FR\",\"potentialAction\":[{\"@type\":\"ReadAction\",\"target\":[\"https:\/\/www.festivalauvillage.fr\/pratique\/ou-dormir\/\"]}]},{\"@type\":\"ImageObject\",\"inLanguage\":\"fr-FR\",\"@id\":\"https:\/\/www.festivalauvillage.fr\/pratique\/ou-dormir\/#primaryimage\",\"url\":\"https:\/\/www.festivalauvillage.fr\/wp-content\/uploads\/2025\/05\/img-1282-copie.jpg\",\"contentUrl\":\"https:\/\/www.festivalauvillage.fr\/wp-content\/uploads\/2025\/05\/img-1282-copie.jpg\",\"width\":2048,\"height\":1511},{\"@type\":\"BreadcrumbList\",\"@id\":\"https:\/\/www.festivalauvillage.fr\/pratique\/ou-dormir\/#breadcrumb\",\"itemListElement\":[{\"@type\":\"ListItem\",\"position\":1,\"name\":\"Accueil\",\"item\":\"https:\/\/www.festivalauvillage.fr\/\"},{\"@type\":\"ListItem\",\"position\":2,\"name\":\"Pratique\",\"item\":\"https:\/\/www.festivalauvillage.fr\/pratique\/\"},{\"@type\":\"ListItem\",\"position\":3,\"name\":\"O\u00f9 dormir\u00a0?\"}]},{\"@type\":\"WebSite\",\"@id\":\"https:\/\/www.festivalauvillage.fr\/#website\",\"url\":\"https:\/\/www.festivalauvillage.fr\/\",\"name\":\"Festival au Village\",\"description\":\"Soif de spectacles !\",\"publisher\":{\"@id\":\"https:\/\/www.festivalauvillage.fr\/#organization\"},\"potentialAction\":[{\"@type\":\"SearchAction\",\"target\":{\"@type\":\"EntryPoint\",\"urlTemplate\":\"https:\/\/www.festivalauvillage.fr\/?s={search_term_string}\"},\"query-input\":{\"@type\":\"PropertyValueSpecification\",\"valueRequired\":true,\"valueName\":\"search_term_string\"}}],\"inLanguage\":\"fr-FR\"},{\"@type\":\"Organization\",\"@id\":\"https:\/\/www.festivalauvillage.fr\/#organization\",\"name\":\"Sc\u00e8nes nomades\",\"url\":\"https:\/\/www.festivalauvillage.fr\/\",\"logo\":{\"@type\":\"ImageObject\",\"inLanguage\":\"fr-FR\",\"@id\":\"https:\/\/www.festivalauvillage.fr\/#\/schema\/logo\/image\/\",\"url\":\"http:\/\/festivalauvillage.fr\/wp-content\/uploads\/2019\/05\/scenes-nomades.png\",\"contentUrl\":\"http:\/\/festivalauvillage.fr\/wp-content\/uploads\/2019\/05\/scenes-nomades.png\",\"width\":295,\"height\":112,\"caption\":\"Sc\u00e8nes nomades\"},\"image\":{\"@id\":\"https:\/\/www.festivalauvillage.fr\/#\/schema\/logo\/image\/\"}}]}<\/script>\n<!-- \/ Yoast SEO plugin. -->","yoast_head_json":{"title":"O\u00f9 dormir\u00a0? &#8212; Festival au Village","robots":{"index":"index","follow":"follow","max-snippet":"max-snippet:-1","max-image-preview":"max-image-preview:large","max-video-preview":"max-video-preview:-1"},"canonical":"https:\/\/www.festivalauvillage.fr\/pratique\/ou-dormir\/","twitter_misc":{"Dur\u00e9e de lecture estim\u00e9e":"1 minute"},"schema":{"@context":"https:\/\/schema.org","@graph":[{"@type":"WebPage","@id":"https:\/\/www.festivalauvillage.fr\/pratique\/ou-dormir\/","url":"https:\/\/www.festivalauvillage.fr\/pratique\/ou-dormir\/","name":"O\u00f9 dormir\u00a0? &#8212; Festival au Village","isPartOf":{"@id":"https:\/\/www.festivalauvillage.fr\/#website"},"primaryImageOfPage":{"@id":"https:\/\/www.festivalauvillage.fr\/pratique\/ou-dormir\/#primaryimage"},"image":{"@id":"https:\/\/www.festivalauvillage.fr\/pratique\/ou-dormir\/#primaryimage"},"thumbnailUrl":"https:\/\/www.festivalauvillage.fr\/wp-content\/uploads\/2025\/05\/img-1282-copie.jpg","datePublished":"2019-04-13T13:46:48+00:00","dateModified":"2025-05-27T10:32:07+00:00","breadcrumb":{"@id":"https:\/\/www.festivalauvillage.fr\/pratique\/ou-dormir\/#breadcrumb"},"inLanguage":"fr-FR","potentialAction":[{"@type":"ReadAction","target":["https:\/\/www.festivalauvillage.fr\/pratique\/ou-dormir\/"]}]},{"@type":"ImageObject","inLanguage":"fr-FR","@id":"https:\/\/www.festivalauvillage.fr\/pratique\/ou-dormir\/#primaryimage","url":"https:\/\/www.festivalauvillage.fr\/wp-content\/uploads\/2025\/05\/img-1282-copie.jpg","contentUrl":"https:\/\/www.festivalauvillage.fr\/wp-content\/uploads\/2025\/05\/img-1282-copie.jpg","width":2048,"height":1511},{"@type":"BreadcrumbList","@id":"https:\/\/www.festivalauvillage.fr\/pratique\/ou-dormir\/#breadcrumb","itemListElement":[{"@type":"ListItem","position":1,"name":"Accueil","item":"https:\/\/www.festivalauvillage.fr\/"},{"@type":"ListItem","position":2,"name":"Pratique","item":"https:\/\/www.festivalauvillage.fr\/pratique\/"},{"@type":"ListItem","position":3,"name":"O\u00f9 dormir\u00a0?"}]},{"@type":"WebSite","@id":"https:\/\/www.festivalauvillage.fr\/#website","url":"https:\/\/www.festivalauvillage.fr\/","name":"Festival au Village","description":"Soif de spectacles !","publisher":{"@id":"https:\/\/www.festivalauvillage.fr\/#organization"},"potentialAction":[{"@type":"SearchAction","target":{"@type":"EntryPoint","urlTemplate":"https:\/\/www.festivalauvillage.fr\/?s={search_term_string}"},"query-input":{"@type":"PropertyValueSpecification","valueRequired":true,"valueName":"search_term_string"}}],"inLanguage":"fr-FR"},{"@type":"Organization","@id":"https:\/\/www.festivalauvillage.fr\/#organization","name":"Sc\u00e8nes nomades","url":"https:\/\/www.festivalauvillage.fr\/","logo":{"@type":"ImageObject","inLanguage":"fr-FR","@id":"https:\/\/www.festivalauvillage.fr\/#\/schema\/logo\/image\/","url":"http:\/\/festivalauvillage.fr\/wp-content\/uploads\/2019\/05\/scenes-nomades.png","contentUrl":"http:\/\/festivalauvillage.fr\/wp-content\/uploads\/2019\/05\/scenes-nomades.png","width":295,"height":112,"caption":"Sc\u00e8nes nomades"},"image":{"@id":"https:\/\/www.festivalauvillage.fr\/#\/schema\/logo\/image\/"}}]}},"_links":{"self":[{"href":"https:\/\/www.festivalauvillage.fr\/wp-core\/wp\/v2\/pages\/26","targetHints":{"allow":["GET"]}}],"collection":[{"href":"https:\/\/www.festivalauvillage.fr\/wp-core\/wp\/v2\/pages"}],"about":[{"href":"https:\/\/www.festivalauvillage.fr\/wp-core\/wp\/v2\/types\/page"}],"author":[{"embeddable":true,"href":"https:\/\/www.festivalauvillage.fr\/wp-core\/wp\/v2\/users\/1"}],"replies":[{"embeddable":true,"href":"https:\/\/www.festivalauvillage.fr\/wp-core\/wp\/v2\/comments?post=26"}],"version-history":[{"count":5,"href":"https:\/\/www.festivalauvillage.fr\/wp-core\/wp\/v2\/pages\/26\/revisions"}],"predecessor-version":[{"id":3694,"href":"https:\/\/www.festivalauvillage.fr\/wp-core\/wp\/v2\/pages\/26\/revisions\/3694"}],"up":[{"embeddable":true,"href":"https:\/\/www.festivalauvillage.fr\/wp-core\/wp\/v2\/pages\/22"}],"wp:featuredmedia":[{"embeddable":true,"href":"https:\/\/www.festivalauvillage.fr\/wp-core\/wp\/v2\/media\/3535"}],"wp:attachment":[{"href":"https:\/\/www.festivalauvillage.fr\/wp-core\/wp\/v2\/media?parent=26"}],"curies":[{"name":"wp","href":"https:\/\/api.w.org\/{rel}","templated":true}]}}

Où dormir ?

<p class="content-chapo">Pour vous aider à préparer votre festival, l&rsquo;Office de Tourisme du Mellois a recensé tous types de logement à proximité du festival.</p>


<ul class="wp-block-list">
<li><a href="https://ot-paysmellois.org/ou-manger-ou-dormir/ou-dormir/hotels" target="_blank" rel="noreferrer noopener">Hôtels</a></li>



<li><a href="https://ot-paysmellois.org/ou-manger-ou-dormir/ou-dormir/aires-de-camping-car" target="_blank" rel="noreferrer noopener">Aires de camping-car</a></li>



<li><a href="https://ot-paysmellois.org/ou-manger-ou-dormir/ou-dormir/complexes-touristiques" target="_blank" rel="noreferrer noopener">Complexes touristiques</a></li>



<li><a href="https://ot-paysmellois.org/ou-manger-ou-dormir/ou-dormir/hebergements-collectifs" target="_blank" rel="noreferrer noopener">Hébergements collectifs</a></li>



<li><a href="https://ot-paysmellois.org/ou-manger-ou-dormir/ou-dormir/hebergements-locatifs" target="_blank" rel="noreferrer noopener">Hébergements locatifs</a></li>



<li><a href="https://ot-paysmellois.org/ou-manger-ou-dormir/ou-dormir/hotellerie-de-plein-air" target="_blank" rel="noreferrer noopener">Hotellerie de plein air</a></li>
</ul>

<!-- This site is optimized with the Yoast SEO plugin v25.8 - https://yoast.com/wordpress/plugins/seo/ -->
<title>Où dormir ? &#8212; Festival au Village</title>
<meta name="robots" content="index, follow, max-snippet:-1, max-image-preview:large, max-video-preview:-1" />
<link rel="canonical" href="https://www.festivalauvillage.fr/pratique/ou-dormir/" />
<meta name="twitter:label1" content="Durée de lecture estimée" />
	<meta name="twitter:data1" content="1 minute" />
<script type="application/ld+json" class="yoast-schema-graph">{"@context":"https://schema.org","@graph":[{"@type":"WebPage","@id":"https://www.festivalauvillage.fr/pratique/ou-dormir/","url":"https://www.festivalauvillage.fr/pratique/ou-dormir/","name":"Où dormir ? &#8212; Festival au Village","isPartOf":{"@id":"https://www.festivalauvillage.fr/#website"},"primaryImageOfPage":{"@id":"https://www.festivalauvillage.fr/pratique/ou-dormir/#primaryimage"},"image":{"@id":"https://www.festivalauvillage.fr/pratique/ou-dormir/#primaryimage"},"thumbnailUrl":"https://www.festivalauvillage.fr/wp-content/uploads/2025/05/img-1282-copie.jpg","datePublished":"2019-04-13T13:46:48+00:00","dateModified":"2025-05-27T10:32:07+00:00","breadcrumb":{"@id":"https://www.festivalauvillage.fr/pratique/ou-dormir/#breadcrumb"},"inLanguage":"fr-FR","potentialAction":[{"@type":"ReadAction","target":["https://www.festivalauvillage.fr/pratique/ou-dormir/"]}]},{"@type":"ImageObject","inLanguage":"fr-FR","@id":"https://www.festivalauvillage.fr/pratique/ou-dormir/#primaryimage","url":"https://www.festivalauvillage.fr/wp-content/uploads/2025/05/img-1282-copie.jpg","contentUrl":"https://www.festivalauvillage.fr/wp-content/uploads/2025/05/img-1282-copie.jpg","width":2048,"height":1511},{"@type":"BreadcrumbList","@id":"https://www.festivalauvillage.fr/pratique/ou-dormir/#breadcrumb","itemListElement":[{"@type":"ListItem","position":1,"name":"Accueil","item":"https://www.festivalauvillage.fr/"},{"@type":"ListItem","position":2,"name":"Pratique","item":"https://www.festivalauvillage.fr/pratique/"},{"@type":"ListItem","position":3,"name":"Où dormir ?"}]},{"@type":"WebSite","@id":"https://www.festivalauvillage.fr/#website","url":"https://www.festivalauvillage.fr/","name":"Festival au Village","description":"Soif de spectacles !","publisher":{"@id":"https://www.festivalauvillage.fr/#organization"},"potentialAction":[{"@type":"SearchAction","target":{"@type":"EntryPoint","urlTemplate":"https://www.festivalauvillage.fr/?s={search_term_string}"},"query-input":{"@type":"PropertyValueSpecification","valueRequired":true,"valueName":"search_term_string"}}],"inLanguage":"fr-FR"},{"@type":"Organization","@id":"https://www.festivalauvillage.fr/#organization","name":"Scènes nomades","url":"https://www.festivalauvillage.fr/","logo":{"@type":"ImageObject","inLanguage":"fr-FR","@id":"https://www.festivalauvillage.fr/#/schema/logo/image/","url":"http://festivalauvillage.fr/wp-content/uploads/2019/05/scenes-nomades.png","contentUrl":"http://festivalauvillage.fr/wp-content/uploads/2019/05/scenes-nomades.png","width":295,"height":112,"caption":"Scènes nomades"},"image":{"@id":"https://www.festivalauvillage.fr/#/schema/logo/image/"}}]}</script>
<!-- / Yoast SEO plugin. -->

Où dormir ? &#8212; Festival au Village

Scènes nomades
